 the ten thousands digit of 177044?
7
What is the tens digit of 1574198?
9
What is the hundreds digit of 393515?
5
What is the units digit of 252930?
0
What is the hundred thousands digit of 1719184?
7
What is the hundreds digit of 10371848?
8
What is the units digit of 233550?
0
What is the ten thousands digit of 5273198?
7
What is the ten thousands digit of 608762?
0
What is the thousands digit of 3498906?
8
What is the ten thousands digit of 2777525?
7
What is the tens digit of 1033462?
6
What is the hundred thousands digit of 581732?
5
What is the hundreds digit of 2145247?
2
What is the tens digit of 45665?
6
What is the ten thousands digit of 65873?
6
What is the hundred thousands digit of 1172837?
1
What is the units digit of 24929674?
4
What is the ten millions digit of 26994808?
2
What is the hundred thousands digit of 9420719?
4
What is the hundreds digit of 304427?
4
What is the tens digit of 308088?
8
What is the thousands digit of 207452?
7
What is the ten thousands digit of 2086525?
8
What is the hundreds digit of 2621135?
1
What is the hundreds digit of 77142?
1
What is the tens digit of 9963434?
3
What is the units digit of 3635584?
4
What is the ten thousands digit of 305088?
0
What is the ten thousands digit of 1587344?
8
What is the hundred thousands digit of 497822?
4
What is the millions digit of 2026703?
2
What is the tens digit of 1541088?
8
What is the millions digit of 1524460?
1
What is the units digit of 422073?
3
What is the ten thousands digit of 782677?
8
What is the hundred thousands digit of 2262378?
2
What is the hundred thousands digit of 397723?
3
What is the tens digit of 170249?
4
What is the millions digit of 2623071?
2
What is the ten thousands digit of 987254?
8
What is the ten thousands digit of 13552492?
5
What is the tens digit of 293197?
9
What is the hundred thousands digit of 1590264?
5
What is the hundreds digit of 2750327?
3
What is the tens digit of 166974?
7
What is the ten thousands digit of 5045358?
4
What is the millions digit of 3182897?
3
What is the tens digit of 132512?
1
What is the thousands digit of 224321?
4
What is the tens digit of 426390?
9
What is the hundreds digit of 1736591?
5
What is the ten thousands digit of 31165?
3
What is the thousands digit of 5365422?
5
What is the tens digit of 1712762?
6
What is the millions digit of 13456922?
3
What is the hundreds digit of 831537?
5
What is the tens digit of 1535479?
7
What is the units digit of 1063088?
8
What is the hundred thousands digit of 156619?
1
What is the thousands digit of 8887981?
7
What is the thousands digit of 7161078?
1
What is the hundred thousands digit of 316316?
3
What is the tens digit of 451922?
2
What is the tens digit of 9374762?
6
What is the hundred thousands digit of 7329465?
3
What is the millions digit of 4232092?
4
What is the hundreds digit of 680891?
8
What is the hundred thousands digit of 289785?
2
What is the thousands digit of 601236?
1
What is the hundreds digit of 205372?
3
What is the hundreds digit of 239599?
5
What is the hundreds digit of 144123?
1
What is the millions digit of 2924925?
2
What is the ten thousands digit of 37410?
3
What is the units digit of 383836?
6
What is the hundreds digit of 230303?
3
What is the hundreds digit of 392874?
8
What is the units digit of 3648499?
9
What is the thousands digit of 6369764?
9
What is the hundreds digit of 22703951?
9
What is the millions digit of 1105270?
1
What is the millions digit of 3597505?
3
What is the hundred thousands digit of 36391981?
3
What is the hundreds digit of 5136417?
4
What is the ten thousands digit of 144510?
4
What is the units digit of 937491?
1
What is the thousands digit of 3124767?
4
What is the tens digit of 275606?
0
What is the ten thousands digit of 58424?
5
What is the hundred thousands digit of 275752?
2
What is the millions digit of 7190094?
7
What is the hundreds digit of 539593?
5
What is the thousands digit of 283199?
3
What is the units digit of 2350202?
2
What is the hundreds digit of 409517?
5
What is the tens digit of 5743172?
7
What is the ten thousands digit of 50253?
5
What is the units digit of 816221?
1
What is the units digit of 21197929?
9
What is the tens digit of 2621544?
4
What is the hundred thousands digit of 2213011?
2
What is the millions digit of 21885441?
1
What is the units digit of 150649?
9
What is the millions digit of 8638218?
8
What is the thousands digit of 222748?
2
What is the units digit of 50024?
4
What is the units digit of 41870421?
1
What is the tens digit of 1640302?
0
What is the hundreds digit of 329138?
1
What is the tens digit of 104609?
0
What is the thousands digit of 506257?
6
What is the units digit of 13031?
1
What is the hundred thousands digit of 2638823?
6
What is the units digit of 2426092?
2
What is the tens digit of 910883?
8
What is the tens digit of 7452889?
8
What is the tens digit of 851844?
4
What is the thousands digit of 784904?
4
What is the thousands digit of 208468?
8
What is the hundred thousands digit of 20956700?
9
What is the tens digit of 416673?
7
What is the hundred thousands digit of 701591?
7
What is the ten thousands digit of 1641676?
4
What is the thousands digit of 1145571?
5
What is the units digit of 12871058?
8
What is the ten thousands digit of 2455130?
5
What is the thousands digit of 5987899?
7
What is the hundreds digit of 48536?
5
What is the tens digit of 2340327?
2
What is the millions digit of 3594811?
3
What is the units digit of 1424105?
5
What is the ten millions digit of 12798608?
1
What is the thousands digit of 578141?
8
What is the hundreds digit of 440893?
8
What is the hundred thousands digit of 116292?
1
What is the hundred thousands digit of 338785?
3
What is the hundred thousands digit of 213250?
2
What is the thousands digit of 12482082?
2
What is the thousands digit of 345077?
5
What is the hundreds digit of 474243?
2
What is the ten thousands digit of 247439?
4
What is the millions digit of 2463329?
2
What is the hundreds digit of 43992?
9
What is the hundred thousands digit of 24423889?
4
What is the ten thousands digit of 177909?
7
What is the ten thousands digit of 1555911?
5
What is the tens digit of 6710131?
3
What is the tens digit of 39067029?
2
What is the hundreds digit of 1465288?
2
What is the units digit of 285382?
2
What is the thousands digit of 81628?
1
What is the units digit of 22433067?
7
What is the tens digit of 322833?
3
What is the units digit of 186082?
2
What is the thousands digit of 7217956?
7
What is the tens digit of 325992?
9
What is the tens digit of 927382?
8
What is the hundreds digit of 1337850?
8
What is the tens digit of 4583075?
7
What is the hundred thousands digit of 592225?
5
What is the hundred thousands digit of 1888214?
8
What is the ten thousands digit of 216321?
1
What is the ten thousands digit of 209434?
0
What is the thousands digit of 96602?
6
What is the ten thousands digit of 527603?
2
What is the thousands digit of 1100215?
0
What is the units digit of 5182785?
5
What is the tens digit of 2512826?
2
What is the millions digit of 1390783?
1
What is the hundreds digit of 736626?
6
What is the ten thousands digit of 179380?
7
What is the hundreds digit of 4825?
8
What is the tens digit of 14054?
5
What is the thousands digit of 608139?
8
What is the hundred thousands digit of 17483724?
4
What is the thousands digit of 120658?
0
What is the hundred thousands digit of 252018?
2
What is the hundreds digit of 66068?
0
What is the units digit of 170587?
7
What is the hundred thousands digit of 189738?
1
What is the units digit of 3859620?
0
What is the units digit of 2980674?
4
What is the units digit of 28445?
5
What is the tens digit of 1493594?
9
What is the units digit of 393685?
5
What is the tens digit of 90031?
3
What is the hundreds digit of 240499?
4
What is the tens digit of 29476?
7
What is the ten thousands digit of 49544?
4
What is the tens digit of 844981?
8
What is the hundred thousands digit of 10897434?
8
What is the thousands digit of 1093784?
3
What is the ten thousands digit of 202436?
0
What is the thousands digit of 1574977?
4
What is the hundred thousands digit of 19346945?
3
What is the units digit of 10656?
6
What is the hundreds digit o